591*w + 382. Give i(148).
-62
Let f(g) = g**2 + 446*g - 11263. Give f(24).
17
Let b(y) = 3390*y - 508501. What is b(150)?
-1
Let z(j) = -2*j**3 - 3*j**2 - 3*j - 32. What is z(-5)?
158
Let p(a) = -4*a**2 + 659*a - 14145. Give p(140).
-285
Let g(x) = 8391*x - 276922. What is g(33)?
-19
Let c(p) = -4*p**2 + 1506*p + 9092. Give c(-6).
-88
Let w(n) = -n**2 + 99*n + 136451. Determine w(-323).
145
Let d(w) = 11*w**3 - 207*w**2 - 48*w + 116. Determine d(19).
-74
Let c(a) = -2*a**3 - 89*a**2 + 350*a + 33. Give c(4).
-119
Let h(q) = -43*q**2 - 53789*q + 53787. Calculate h(1).
-45
Let c(b) = -b**3 + 61*b**2 + 5554*b + 200. Give c(-50).
0
Let b(z) = -2*z**2 + 63*z + 1274. Calculate b(36).
950
Let z(f) = -2*f**3 - 99*f**2 + 2395*f + 24652. What is z(-65)?
-48
Let k(z) = 2983*z + 29842. Give k(-10).
12
Let u(r) = r**2 - 22*r - 119581. Calculate u(357).
14
Let w(u) = -3438*u + 375695. What is w(109)?
953
Let w(v) = -10019*v + 29903. Calculate w(3).
-154
Let f(i) = 845*i - 1920. Give f(1).
-1075
Let h(z) = 27*z**2 + 716*z - 726. What is h(-28)?
394
Let o(z) = 3*z**3 + 242*z**2 + 868*z + 1415. Give o(-77).
-202
Let c(j) = -j**3 - 296*j**2 + 76*j + 195212. Determine c(-294).
-4
Let b(n) = 5*n**2 + 142*n - 1398. What is b(11)?
769
Let m(c) = 6*c**2 + 794*c - 51485. Determine m(-180).
-5
Let w(q) = -3*q**3 + 22*q**2 - 3891*q + 31345. Calculate w(8).
89
Let f(u) = u**3 + 12*u**2 + 53*u + 325. Give f(-11).
-137
Let h(r) = -r**3 - 105*r**2 - 2*r - 148. Give h(-105).
62
Let u(c) = c**2 + 14565*c + 174643. What is u(-12)?
7
Let y(b) = -585*b - 15518. What is y(-24)?
-1478
Let r(m) = -948*m**3 - 4*m - 8. Give r(-1).
944
Let w(p) = -5*p**2 - 331*p - 3010. Determine w(-9).
-436
Let z(u) = -u**2 - 11*u + 919. Give z(0).
919
Let p(j) = -j**2 - 3451*j - 58429. Determine p(-17).
-51
Let c(z) = -56*z**2 + 560*z - 890. Determine c(8).
6
Let f(s) = -s**3 - 79*s**2 + 320*s + 6201. What is f(-82)?
133
Let k(j) = -20389*j**2 - 570889*j + 59. What is k(-28)?
-25
Let g(m) = -844*m - 64146. What is g(-76)?
-2
Let a(p) = -p**2 + 3030*p - 2001443. What is a(2057)?
18
Let t(q) = 1962*q**2 - 1924*q + 4. Calculate t(1).
42
Let x(d) = 12591*d + 831013. Give x(-66).
7
Let m(n) = 6228*n - 249122. Calculate m(40).
-2
Let g(o) = -2*o**3 - 2*o**2 - 70*o + 80. Give g(-5).
630
Let o(f) = -2*f**2 + 60*f - 92. Determine o(8).
260
Let i(v) = 7*v**2 + 2000*v + 1436. Determine i(-285).
11
Let p(v) = -v**2 + 268*v + 104474. What is p(-216)?
-70
Let r(k) = 3*k**3 + 16*k**2 + 79*k + 496. Calculate r(-6).
-50
Let t(i) = 4*i**3 - 17*i**2 + 113*i - 286. Give t(3).
8
Let r(i) = -17*i**3 - 2*i**2 - 172*i - 348. Determine r(-2).
124
Let f(a) = -598*a + 152385. What is f(255)?
-105
Let q(a) = -9*a**2 - 992*a - 80. What is q(-110)?
140
Let p(t) = -11*t**3 + 5649*t**2 + 2572*t - 900. Determine p(514).
128
Let a(q) = -924*q + 94230. Calculate a(102).
-18
Let a(q) = 5*q**3 + 30*q**2 - 16*q - 174. Calculate a(-5).
31
Let f(q) = q**3 + 380*q**2 + 1137*q + 1937. Calculate f(-377).
-325
Let x(y) = y**2 + 55*y + 594. What is x(-8)?
218
Let b(a) = -25*a**3 - 49*a**2 - 15*a + 40. Calculate b(2).
-386
Let y(g) = -248*g**2 + 152463*g + 35056. Determine y(615).
1
Let s(a) = 173*a**2 - 4510*a + 128. Calculate s(26).
-184
Let q(s) = 3825*s - 107538. What is q(28)?
-438
Let x(r) = -269*r + 6344. Determine x(26).
-650
Let x(s) = -s**3 + 2*s**2 - 6431*s + 120939. Determine x(18).
-3
Let w(t) = 3338*t - 350483. What is w(105)?
7
Let q(h) = 101296*h - 2127296. Give q(21).
-80
Let h(u) = -1381*u - 102019. What is h(-74)?
175
Let q(h) = 49*h**3 + h**2 - 22*h + 10. What is q(0)?
10
Let b(u) = u**3 + 17*u**2 - 93*u - 651. Give b(-9).
834
Let r(j) = -j**3 - 15*j**2 + 159*j - 324. Calculate r(5).
-29
Let y(s) = -4*s**3 + 24*s**2 + 3721*s - 25846. Give y(7).
5
Let o(p) = p**3 + 15*p**2 + 32*p + 94. Determine o(-4).
142
Let h(o) = -1694161*o - 59295628. What is h(-35)?
7
Let u(m) = -1531*m - 16692. What is u(-11)?
149
Let c(f) = -f**3 - 119*f**2 + 241*f + 288. Calculate c(-121).
409
Let l(c) = 19*c**2 - 180*c + 108. Give l(9).
27
Let f(k) = 75072*k + 75077. Calculate f(-1).
5
Let c(m) = -1103*m + 239942. What is c(218)?
-512
Let o(a) = 8*a**2 - 1017*a + 20422. Give o(25).
-3
Let g(q) = -5*q**3 + 10*q**2 + 3*q - 23. What is g(4)?
-171
Let z(w) = -36490*w + 8356205. What is z(229)?
-5
Let r(j) = 2*j**3 - 116*j**2 - 46*j + 9260. Give r(57).
140
Let z(n) = 4*n**2 + 493*n - 709. Calculate z(-125).
166
Let w(m) = 20725*m + 704551. Give w(-34).
-99
Let m(w) = -36*w**3 + 23*w**2 - 21*w - 37. Determine m(-2).
385
Let b(m) = m**3 - 18*m**2 + 17*m + 47. Determine b(17).
47
Let o(v) = -3*v**3 - 1338*v**2 + 5385*v - 6766. Calculate o(-450).
-16
Let j(w) = -2*w**3 - 35*w**2 + 17*w. Calculate j(-7).
-1148
Let w(i) = -17970*i + 395344. Determine w(22).
4
Let i(s) = 2249*s - 6315. Give i(3).
432
Let h(p) = 9136*p + 127901. What is h(-14)?
-3
Let b(f) = 9650*f - 40645. Give b(4).
-2045
Let y(b) = 20*b**2 + 12*b - 6. Determine y(-2).
50
Let z(s) = 175*s**2 - 19563*s - 39127. Give z(-2).
699
Let p(v) = -690*v - 3329. Give p(-6).
811
Let p(s) = -9*s**3 - 88*s**2 - 6*s - 2. Give p(4).
-2010
Let w(j) = -9946*j**3 - 2*j**2 + 23*j + 6. What is w(0)?
6
Let p(y) = 3*y**3 - 1146*y**2 - 4739*y + 41290. What is p(386)?
-12
Let t(j) = -j**3 + 226*j**2 + 284253*j + 2001. What is t(658)?
27
Let z(d) = -3*d**3 + 4*d**2 + 11*d + 61. Determine z(8).
-1131
Let j(i) = -15*i**2 - 176*i + 1004. Determine j(-16).
-20
Let r(g) = -2176*g + 1745172. Determine r(802).
20
Let z(m) = -m**2 + 277*m - 17560. What is z(122)?
1350
Let j(f) = -86*f**2 + 1248*f + 598. What is j(15)?
-32
Let j(y) = 141*y**2 + 1631*y - 6171. Determine j(3).
-9
Let s(x) = -201787*x - 6255407. Give s(-31).
-10
Let y(t) = 7*t**2 - 11402*t + 509677. Determine y(46).
-3
Let z(x) = -53*x + 4636. What is z(62)?
1350
Let s(q) = 3*q**2 + 965*q + 40082. Calculate s(-49).
0
Let w(s) = -8126*s - 24401. Determine w(-3).
-23
Let s(n) = -n**3 - 83*n**2 - 846*n - 586. What is s(-71)?
-1012
Let g(d) = 149*d + 11674. Calculate g(-80).
-246
Let k(h) = 3*h**2 + 1388*h + 83881. Give k(-72).
-503
Let u(i) = 26*i - 132. What is u(39)?
882
Let c(f) = -15*f**2 + 232*f + 704. Give c(-3).
-127
Let x(j) = -42938*j + 171760. Give x(4).
8
Let g(i) = i**3 + 60*i**2 - 103*i + 735. Calculate g(-61).
3297
Let d(q) = -159*q**3 - 8*q**2 - 25*q + 34. What is d(1)?
-158
Let o(h) = 3*h**2 - 554*h - 8379. Give o(-14).
-35
Let z(d) = 4*d**3 + 540*d**2 - 60*d - 8129. Calculate z(-135).
-29
Let q(z) = -2*z**2 - 263*z - 8120. Give q(-89).
-555
Let y(u) = -17787*u**2 + 160063*u + 185. Determine y(9).
5
Let p(f) = -496*f - 21675. What is p(-46)?
1141
Let n(y) = 101009*y + 606812. Calculate n(-6).
758
Let f(a) = 16646*a + 399496. Give f(-24).
-8
Let l(h) = 888980*h - 5333874. What is l(6)?
6
Let k(x) = x**3 + 16*x**2 + 22*x - 24. What is k(-17)?
-687
Let p(z) = -6*z**3 + 13*z**2 - 542*z - 3260. Determine p(-6).
1756
Let j(y) = -y**3 + 43*y**2 - 478*y + 542. Determine j(24).
14
Let b(s) = -s**3 + 959*s**2 + 7824*s - 85090. Determine b(967).
6
Let p(c) = -26*c - 1854. Give p(-69).
-60
Let z(i) = -34*i - 8330. What is z(-216)?
-986
Let l(j) = -2976*j + 92242. Determine l(31).
-14
Let q(u) = 2*u**3 + 121*u**2 - 142*u + 2596. Determine q(-62).
-132
Let l(k) = 4*k**2 + 294*k + 268. Give l(-73).
122
Let o(y) = -18*y**2 + 282*y + 69. Calculate o(16).
-27
Let c(z) = 79*z**2 + 11719*z + 23137. What is c(-2)?
15
Let d(p) = -p**3 - 197*p**2 + 801*p - 318. Calculate d(-201).
285
Let d(y) = -743*y + 2933. Determine d(4).
-39
Let o(s) = -83440*s + 12432552. Give o(149).
-8
Let c(f) = -17331*f**2 + 86653*f + 1. What is c(5)?
-9
Let i(l) = -28*l**2 - 8756*l - 101038. Calculate i(-12).
2
Let u(b) = 342*b - 839. Give u(3).
187
Let i(g) = -203*g**2 - 2387*g + 113. Calculate i(-12).
-475
Let k(s) = 9*s**2 - 141*s + 36. Calculate k(-4).
744
Let z(p) = -20*p**2 + 102*p - 83. What is z(6)?
-191
Let t(p) = p**3 + 23*p**2 + 227*p + 5968. What is t(-24)?
-56
Let b(c) = 2*c**2 + 282*c - 24661. Determine b(61).
-17
Let i(d) = d**3 + 126*d**2 + 3973*d - 2. Calculate i(-63).
-254
Let c(v) = -599*v + 581. Determine c(1).
-18
Let m(n) = 2*n**3 - 215*n**2 + 200*n - 10000. Calculate m(107).
-49
Let o(x) = 218*x + 59573. Give o(-273).
59
Let y(h) = 3562*h - 42780. Give y(12).
-36
Let q(